, 7, 163321
List the prime factors of 205809912.
2, 3, 7, 11, 37123
List the prime factors of 287527186.
2, 23, 6250591
What are the prime factors of 261482379?
3, 41, 2125873
What are the prime factors of 32307470?
2, 5, 13, 257, 967
What are the prime factors of 66440975?
5, 79, 33641
What are the prime factors of 115561532?
2, 47, 97, 6337
List the prime factors of 1372446476.
2, 37, 9273287
What are the prime factors of 58308480?
2, 3, 5, 53, 191
List the prime factors of 782324720.
2, 5, 157, 199, 313
What are the prime factors of 270424264?
2, 11, 19, 197, 821
List the prime factors of 3408590687.
1193, 2857159
List the prime factors of 404657573.
19, 21297767
What are the prime factors of 1693438898?
2, 846719449
List the prime factors of 96488520.
2, 3, 5, 823, 977
What are the prime factors of 5673009?
3, 29, 197, 331
List the prime factors of 406746025.
5, 7, 29, 80147
What are the prime factors of 49539136?
2, 313, 2473
List the prime factors of 186292552.
2, 23286569
What are the prime factors of 205331900?
2, 5, 89, 23071
What are the prime factors of 77769454?
2, 7, 557, 9973
List the prime factors of 21343535.
5, 89, 47963
List the prime factors of 33441345.
3, 5, 7, 106163
What are the prime factors of 2611138252?
2, 652784563
What are the prime factors of 1143558873?
3, 17, 23, 71, 199
List the prime factors of 722233996.
2, 11, 1492219
List the prime factors of 435503411.
7, 29, 2145337
What are the prime factors of 978316678?
2, 489158339
List the prime factors of 4562577848.
2, 570322231
What are the prime factors of 59641490?
2, 5, 5964149
List the prime factors of 315222806.
2, 17, 19, 67, 7283
What are the prime factors of 394004218?
2, 197002109
List the prime factors of 20776949.
1481, 14029
What are the prime factors of 518782769?
29, 17889061
List the prime factors of 35363720.
2, 5, 7, 53, 2383
List the prime factors of 6219578942.
2, 107, 29063453
List the prime factors of 368457746.
2, 23, 8009951
List the prime factors of 7815916.
2, 19, 102841
What are the prime factors of 49606949?
7, 47, 131, 1151
What are the prime factors of 428134636?
2, 53, 2019503
List the prime factors of 635198707.
11, 13, 4441949
List the prime factors of 1946986227.
3, 61, 43783
What are the prime factors of 2341230540?
2, 3, 5, 11, 19, 186701
What are the prime factors of 1937081177?
1937081177
What are the prime factors of 32951252?
2, 113, 72901
List the prime factors of 917952209.
53, 17319853
List the prime factors of 96486079.
41, 61, 173, 223
List the prime factors of 4179744696.
2, 3, 1049, 166021
What are the prime factors of 2257779710?
2, 5, 79, 2857949
List the prime factors of 68768764.
2, 17192191
What are the prime factors of 21899127?
3, 7299709
What are the prime factors of 113900176?
2, 13, 47, 61, 191
What are the prime factors of 37578427?
41, 47, 19501
What are the prime factors of 1777452280?
2, 5, 19, 857, 2729
List the prime factors of 1384179987.
3, 2971, 155299
What are the prime factors of 3620263158?
2, 3, 23, 73, 103, 1163
List the prime factors of 1289141095.
5, 11, 23438929
What are the prime factors of 54417379?
23, 53, 44641
List the prime factors of 64166706.
2, 3, 3564817
List the prime factors of 1119650512.
2, 43, 373, 4363
What are the prime factors of 558992945?
5, 7, 2657, 6011
What are the prime factors of 6458689302?
2, 3, 13, 263, 359, 877
List the prime factors of 37367083.
13, 127, 1741
What are the prime factors of 75601931?
19, 347, 11467
List the prime factors of 203344457.
3863, 52639
List the prime factors of 49953498.
2, 3, 7, 41, 29009
What are the prime factors of 88526569?
88526569
What are the prime factors of 167507400?
2, 3, 5, 279179
What are the prime factors of 1006479996?
2, 3, 47, 89, 20051
What are the prime factors of 136722136?
2, 2029, 8423
List the prime factors of 140660074.
2, 17, 101, 40961
List the prime factors of 29873736.
2, 3, 414913
List the prime factors of 69028665.
3, 5, 47, 179, 547
List the prime factors of 4081465858.
2, 29, 2347, 29983
List the prime factors of 3385609156.
2, 71, 2803, 4253
What are the prime factors of 664360569?
3, 167, 147341
What are the prime factors of 31469147?
29, 1085143
List the prime factors of 275536685.
5, 29, 1900253
What are the prime factors of 1520909822?
2, 23, 33063257
List the prime factors of 673318926.
2, 3, 7, 29, 239, 257
List the prime factors of 59265303.
3, 19755101
List the prime factors of 1179862210.
2, 5, 563, 209567
What are the prime factors of 515289082?
2, 7, 11, 19, 61, 2887
What are the prime factors of 96484283?
7, 373, 5279
What are the prime factors of 700287470?
2, 5, 263, 266269
List the prime factors of 18611152.
2, 7, 107, 1553
List the prime factors of 2841540127.
251, 2917, 3881
List the prime factors of 493963474.
2, 10957, 22541
List the prime factors of 5131696486.
2, 7, 53, 6916033
List the prime factors of 114502621.
114502621
What are the prime factors of 742289099?
131, 2131, 2659
List the prime factors of 624896539.
41, 647, 23557
List the prime factors of 4002514295.
5, 13, 61577143
List the prime factors of 330041106.
2, 3, 823, 22279
List the prime factors of 433488976.
2, 27093061
What are the prime factors of 860412348?
2, 3, 7966781
What are the prime factors of 275202142?
2, 127, 1083473
List the prime factors of 38610927.
3, 17, 252359
List the prime factors of 634624002.
2, 3, 31, 797, 1427
What are the prime factors of 37620589?
19, 1980031
What are the prime factors of 170454422?
2, 59, 1444529
List the prime factors of 87503209.
107, 817787
List the prime factors of 332753253.
3, 7, 41, 163, 2371
List the prime factors of 44348012.
2, 97, 114299
List the prime factors of 125500132.
2, 31375033
List the prime factors of 1320026791.
1489, 886519
What are the prime factors of 139908721?
139908721
List the prime factors of 4921721.
7, 17, 59, 701
What are the prime factors of 61615496?
2, 47, 163871
What are the prime factors of 443629040?
2, 5, 1559, 3557
What are the prime factors of 58111652?
2, 19, 764627
List the prime factors of 159131787.
3, 29, 139, 13159
What are the prime factors of 122420010?
2, 3, 5, 773, 5279
What are the prime factors of 1431949174?
2, 19, 37682873
List the prime factors of 216838150.
2, 5, 4336763
What are the prime factors of 1101398209?
1101398209
What are the prime factors of 29046446?
2, 11, 13, 101561
What are the prime factors of 163019667?
3, 197, 275837
What are the prime factors of 1734777188?
2, 433694297
List the prime factors of 601539188.
2, 53, 433, 6553
What are the prime factors of 64885839?
3, 43, 313, 1607
What are the prime factors of 42492165?
3, 5, 31, 91381
List the prime factors of 1688003750.
2, 5, 1350403
What are the prime factors of 365067444?
2, 3, 7, 19, 41, 797
List the prime factors of 4598530133.
193, 23826581
What are the prime factors of 310052660?
2, 5, 41, 103, 3671
What are the prime factors of 453758966?
2, 31, 107, 68399
What are the prime factors of 967705384?
2, 131, 461, 2003
List the prime factors of 496703196.
2, 3, 11, 1254301
What are the prime factors of 435643925?
5, 73, 238709
List the prime factors of 316713322.
2, 158356661
What are the prime factors of 1916158903?
41, 46735583
What are the prime factors of 31518907?
7, 643243
What are the prime factors of 8093417659?
31, 261077989
List the prime factors of 136567587.
3, 13, 3501733
What are the prime factors of 523357123?
821, 637463
What are the prime factors of 28633993?
28633993
What are the prime factors of 86287999?
7, 97, 127081
List the prime factors of 1285999685.
5, 53, 1471, 3299
What are the prime factors of 9171754?
2, 4585877
What are the prime factors of 88689510?
2, 3, 5, 7, 13, 17
List the prime factors of 23781407.
13, 19, 96281
What are the prime factors of 50040213?
3, 41, 257, 1583
List the prime factors of 40705824.
2, 3, 424019
List the prime factors of 1921987360.
2, 5, 17, 706613
What are the prime factors of 7685648106?
2, 3, 613, 2089627
List the prime factors of 114546428.
2, 3331, 8597
List the prime factors of 5121381541.
5121381541
List the prime factors of 557681291.
22441, 24851
List the prime factors of 2545470291.
3, 7, 13, 811, 11497
List the prime factors of 33786621.
3, 11, 31, 101, 109
List the prime 